*i + 3*i + n. What is the remainder when i is divided by 22?
21
Let s = -21 - -48. Suppose -5*l + 8 + 17 = 0, -41 = 3*n - 4*l. Let v = n - -22. Calculate the remainder when s is divided by v.
12
Suppose 0 = 5*v - w - 362 + 43, -2*v - 5*w = -106. What is the remainder when 113 is divided by v?
50
Suppose y - 15*h - 57 = -20*h, -4*h + 215 = 3*y. Calculate the remainder when 612 is divided by y.
73
Let i(l) be the first derivative of l**4/4 + 7*l**3/3 - 4*l**2 + 11*l - 8. Calculate the remainder when 16 is divided by i(-8).
5
What is the remainder when (140/210)/((-2)/(-525)) is divided by 53?
16
Let t = -9 - -9. Suppose t = -2*w - 1 + 7. Suppose m - 2*h = 12, 0 = -w*m + 2*h + h + 42. What is the remainder when 29 is divided by m?
13
Let y(h) = -74*h + 3. Let l be y(-3). Let c = l - 155. What is the remainder when c is divided by 36?
34
Suppose 69*r = 55*r + 154. Calculate the remainder when r is divided by 4.
3
Calculate the remainder when ((-635)/(-4))/(((-2)/8)/(-1)) is divided by 16.
11
Let p = -95 - -132. Calculate the remainder when p is divided by 22.
15
Suppose -55*a + 60*a - 29 = 4*p, 3*p = 3*a - 15. What is the remainder when a is divided by 1*5 + 1 - 1?
4
Let f = 25 + 45. Calculate the remainder when f is divided by 62.
8
Let i(n) = n**2 - n - 11. Let d = -7 - -7. Suppose d*p - 4*p = -20. What is the remainder when 15 is divided by i(p)?
6
Suppose b + 5 = 1. What is the remainder when 60 is divided by b*31*3/(-12)?
29
Suppose -8*q + 4*q + 148 = 0. What is the remainder when q is divided by 4?
1
Let y = 274 + -124. Suppose -y = -7*v - 17. What is the remainder when 75 is divided by v?
18
Let p be (-2815)/30 + (-1)/6 + -2. Let r = -38 - p. What is the remainder when r is divided by 20?
18
Suppose 5*s + 1 = 51. What is the remainder when 146 is divided by s?
6
What is the remainder when 1/(2/(-100)*-2) is divided by 8?
1
Suppose 4*v - 108 = w - 4*w, -4*v - 2*w + 108 = 0. Calculate the remainder when 53 is divided by v.
26
Let k = -37 - -21. Let w = k - -29. Suppose -116 - 259 = -5*c. What is the remainder when c is divided by w?
10
Let c(o) = -24*o - 3. Suppose 0 = -5*a + 310. Calculate the remainder when a - (1 - -3) - -2 is divided by c(-1).
18
Let q(z) = -15*z + 3. What is the remainder when q(-1) is divided by 3?
0
Let j = -226 + 236. What is the remainder when 59 is divided by j?
9
Suppose -4 = -4*v - j, -v - j + 5*j + 1 = 0. Let m be 32/12 - (-2)/(-3). Let y(b) = -b**3 + 2*b**2 + 2*b - 1. What is the remainder when y(m) is divided by v?
0
Suppose 2*f - 1 + 3 = 0. Let r(u) = -11*u - 1. Let j be r(f). Suppose -4*z = -2 - j, -2*z = -3*h + 141. What is the remainder when h is divided by 13?
10
Let o(n) = n + 9. Let l be o(-5). Let w = 31 + -31. Suppose w = -3*k + l*k - 43. What is the remainder when k is divided by 11?
10
Let w = 32 - 56. What is the remainder when 25 is divided by w/(-2)*(-1)/(-3)?
1
Let t = -17 + 16. Let i be (-11 - 2)*(-1)/t. Calculate the remainder when (2 + i)/((-1)/3) is divided by 12.
9
Suppose 7*v - 132 = 4*v. Calculate the remainder when 1752/v - 6/(-33) is divided by 22.
18
Let x(d) = 4*d**3 + 1. Let f(s) = s**2 - 7*s + 4. What is the remainder when x(2) is divided by f(8)?
9
Suppose 2*r = 4*r. Suppose r = -3*b - 2*n + 353, 5*b - 2*b = -5*n + 356. Calculate the remainder when b is divided by 12.
9
Suppose 3*h = 2*s - 3 - 5, -2*h = -s + 6. What is the remainder when 3384/22 - 4/44*s is divided by 26?
24
Calculate the remainder when 49 is divided by 1150/35 + -2 + 32/28.
17
Suppose -2981 = 3*x - 3197. What is the remainder when 215 is divided by x?
71
Let d = 10 + 23. Let l be ((-2)/(-2))/(9/4356). Suppose -4*x = -5*p + l, 0 = -5*p - x - 3*x + 476. What is the remainder when p is divided by d?
30
Suppose -24 = 24*b - 28*b - 4*j, 3*b + 4*j = 21. What is the remainder when 227 is divided by b?
2
Suppose -6*n = 4*y - 2*n - 8, -y - 3*n = 0. Suppose y*x - 73 = 56. Suppose -5*w + 188 = x. What is the remainder when w is divided by 16?
13
Let q(m) = -m**3 + 10*m**2 - 16*m + 3. Calculate the remainder when 286 is divided by q(5).
46
Let h = -230 - -260. What is the remainder when h is divided by 11?
8
What is the remainder when -785*16/(-60)*3 is divided by 35?
33
Let z(w) = -83*w - 10. Let l = 158 + -110. What is the remainder when z(-3) is divided by l?
47
Let k be -6*(-2)/(-3)*1. Let s = k - -5. Suppose 2*b + 2*b - 4 = 0. Calculate the remainder when s is divided by b.
0
Let v(s) = -2*s - 6. Let p be v(-6). What is the remainder when 44 is divided by (3*3/(-4))/(p/(-24))?
8
Suppose -4*p = 79 + 81. Let x = 48 + p. Calculate the remainder when 13 is divided by x.
5
Suppose -2*z = 4*u - 48, 4*z - u = 21 + 57. Calculate the remainder when z is divided by (-24)/(-7) + -4 + 100/28.
2
Suppose 5*j + 6*i - 580 = 2*i, -j = -5*i - 116. What is the remainder when j is divided by 15?
11
Suppose 75 = -22*k + 17*k. Calculate the remainder when 108/2 + 30/k is divided by 14.
10
Let x(z) = -5*z**2 + 7*z - 4. Let p be x(7). Let c = -137 - p. Calculate the remainder when c is divided by 8.
7
Suppose -2*x + z + 76 = x, 5*x - 5*z - 110 = 0. Let l(m) = -2*m**3 - m**2 - m - 7. What is the remainder when x is divided by l(-2)?
6
Suppose -841 = 12*b - 1021. What is the remainder when 38 is divided by b?
8
Suppose 7*s = 8*s - 61. Let l = 130 - s. What is the remainder when l is divided by 15?
9
Suppose -11*m - 37 + 488 = 0. Calculate the remainder when m is divided by 6.
5
Suppose -5*j + h + 126 = -36, 0 = -5*j - 3*h + 154. Suppose -3*g + g + 40 = 4*t, -4*t + 2*g = -j. What is the remainder when 25 is divided by t?
7
Let v = 421 + -365. Calculate the remainder when v is divided by 21.
14
Let p(k) = -2*k**2 - 40*k + 74. Calculate the remainder when 588 is divided by p(-20).
70
Let g(h) = -h + 2. Suppose 3*q + 0*i - 4*i - 47 = 0, q - 3*i - 9 = 0. Suppose -2*l + q = -l. Calculate the remainder when l is divided by g(-4).
3
Calculate the remainder when 7 is divided by 1/(-5) - (-144)/45.
1
Let l = 1147 - 1017. What is the remainder when l is divided by 4?
2
What is the remainder when 259 is divided by 19 - 28/7 - (7 + -1)?
7
Let j = 130 + -128. Calculate the remainder when j is divided by (-2)/6 - 16/(-12).
0
What is the remainder when (-228)/190*10/(-4)*163 is divided by 96?
9
Let l(f) = 2*f**2 + 4*f + 1. Let i be l(-4). Suppose -i*p = -24*p + 161. Calculate the remainder when p is divided by 7.
2
Let x be (3 - -2)/(-25)*-5. Let d = 19 - x. What is the remainder when -2*(-106)/4*1 is divided by d?
17
Suppose -3*u + 18 - 3 = 5*n, 5*n - 15 = 5*u. Suppose 3*b - 7*b - n*h = -356, 3*h + 12 = 0. What is the remainder when b is divided by 32?
28
Suppose -12 + 66 = 9*f. Let h(n) be the third derivative of n**5/60 - n**4/24 - 4*n**3/3 - n**2. What is the remainder when 63 is divided by h(f)?
19
Let v = 90 + -13. What is the remainder when 381 is divided by v?
73
Calculate the remainder when 376*(-9 + (-114)/(-12)) is divided by 19.
17
Suppose -52*u + 69*u = 1156. Calculate the remainder when u is divided by 62.
6
Let v(m) = -m**3 - 10*m**2 + m + 12. Let y be v(-10). Suppose -5*d = 3*x - 189, -d = -y*x - 0*x + 139. Calculate the remainder when x is divided by 14.
12
Suppose 0 = k + k + 3*l - 64, 147 = 5*k + l. Calculate the remainder when 53 is divided by k.
24
Suppose 4*z - 86 = 102. Let a = 102 - z. Suppose -2*x = -t - 39, -4*t + 43 + 29 = 4*x. Calculate the remainder when a is divided by x.
17
What is the remainder when ((-3)/(-9))/((-7)/(-1449)) is divided by 18?
15
Suppose -276 = 67*p - 79*p. What is the remainder when 41 is divided by p?
18
Suppose 212 = 4*x + 5*b, -5*x + 120 = -2*b - 145. Suppose -10*t + 11*t = x. What is the remainder when t is divided by 11?
9
Let n(y) = 2*y**3 - 10*y**2 + 11*y - 2. Let w be 0 + 11/(55/30). What is the remainder when n(w) is divided by 36?
28
Let j(l) = 14*l + 4. Let g be j(-2). Calculate the remainder when 29 is divided by (-366)/g - (-3)/4.
13
Let r(h) = 37*h**3 + 6*h**2 - 3. Calculate the remainder when 141 is divided by r(1).
21
Let a = -44 - -52. Calculate the remainder when 10 is divided by a.
2
Suppose -87 - 278 = -3*k - 4*q, 4*q + 230 = 2*k. Calculate the remainder when k is divided by 51.
17
Let v = -49 - -90. What is the remainder when v is divided by 2*(9 + -1 - 1)?
13
Suppose 3*u = -2*k + 51, 0 =